2240330
In base 10, what is -255015 - -40?
-254975
In base 13, what is -571938 + -134?
-571a6c
In base 2, what is 10 + 111111100010101110011000010?
111111100010101110011000100
In base 4, what is -2 - -32032033322?
32032033320
In base 2, what is -101100001000001 + 10110100?
-101011110001101
In base 14, what is -3c96d - -13?
-3c95a
In base 16, what is -272 + 881ef?
87f7d
In base 2, what is -11010111101011 + -10000100?
-11011001101111
In base 5, what is 11431042 - -413?
11432010
In base 12, what is 5 - 392b323?
-392b31a
In base 13, what is -1 - -2ab920c?
2ab920b
In base 4, what is 21020322011321 - 1?
21020322011320
In base 10, what is 32393799 - 4?
32393795
In base 11, what is -6816938 - -10?
-6816928
In base 4, what is -21 - 10332210203?
-10332210230
In base 16, what is -12d95 + 18c?
-12c09
In base 13, what is -4027 + cb?
-3c29
In base 14, what is -148 + -6585?
-66cd
In base 14, what is 8224d + -2c?
82221
In base 8, what is 110717 - -1113?
112032
In base 12, what is -2485261 - b?
-2485270
In base 10, what is -12597 - -714?
-11883
In base 9, what is 12011 - -8751?
21762
In base 10, what is -1 + -7400548?
-7400549
In base 3, what is -1210012122221 + -112?
-1210012200110
In base 7, what is 130415 - -16105?
146523
In base 12, what is 2616094 + 5?
2616099
In base 8, what is 7052326 + -17?
7052307
In base 16, what is 27478a4 - -2?
27478a6
In base 3, what is 1 - -102220112210020202?
102220112210020210
In base 7, what is 0 + -1265242421?
-1265242421
In base 4, what is -2132122303100 - 3?
-2132122303103
In base 15, what is 824cc + 5?
824d2
In base 13, what is -27574 - -487?
-270ba
In base 16, what is -68fa8a0 - -4?
-68fa89c
In base 13, what is -14 - 3b27bc6?
-3b27c0a
In base 15, what is 334ed96 + -1?
334ed95
In base 8, what is 2652757162 + 4?
2652757166
In base 12, what is -89 - 13027bb?
-1302888
In base 3, what is -20100200110100022 - 0?
-20100200110100022
In base 4, what is 1 - -101112310323?
101112310330
In base 8, what is -41510 + 503?
-41005
In base 14, what is 43 - 8a4?
-861
In base 12, what is -1b4 + 4b211?
4b019
In base 9, what is -2855536 - -4?
-2855532
In base 8, what is -55214033 + 4?
-55214027
In base 8, what is 13 + -2717341?
-2717326
In base 2, what is 101 + -1000000001111001000010010001?
-1000000001111001000010001100
In base 4, what is 10 - 2032021200202?
-2032021200132
In base 12, what is -2 - 135a40?
-135a42
In base 7, what is -2041 + 113516?
111445
In base 13, what is -19 - 100596?
-1005b2
In base 7, what is -440206 - 345?
-440554
In base 9, what is 4 - 32440517?
-32440513
In base 11, what is 1 - 3634243a?
-36342439
In base 16, what is -308 - -aa?
-25e
In base 3, what is -220 - 22111222000120?
-22111222001110
In base 11, what is -3 - -7758322?
775831a
In base 4, what is -11 - -12220201123003?
12220201122332
In base 12, what is 463 + 3b481?
3b924
In base 10, what is -180592010 + -5?
-180592015
In base 7, what is -24331 - -242?
-24056
In base 8, what is -3 + -74652544?
-74652547
In base 14, what is 111c40 - -b3?
111d13
In base 5, what is 32004 - -233204?
320213
In base 8, what is 17730 + 250?
20200
In base 5, what is -1132220010331 - -4?
-1132220010322
In base 14, what is 47b - -5c0b0?
5c54b
In base 4, what is -10 + 31303202230?
31303202220
In base 6, what is -5534155314 + -13?
-5534155331
In base 12, what is -8852b - a1?
-88610
In base 7, what is -66435402 + -262?
-66435664
In base 12, what is 971028 + -a?
97101a
In base 9, what is -173208087 + 5?
-173208082
In base 5, what is 200 + 232402223?
232402423
In base 14, what is 1b8cdc0d - 3?
1b8cdc0a
In base 14, what is a9 + 94ad2?
94b9b
In base 5, what is -1044214023 + 2?
-1044214021
In base 9, what is -47415 - -13105?
-34310
In base 11, what is 112 - -12a6141?
12a6253
In base 14, what is -21c0 + -477?
-2657
In base 4, what is -131111 - -301131310?
301000133
In base 14, what is 179a60 - -2?
179a62
In base 2, what is -111100000001111101111 + -110?
-111100000001111110101
In base 15, what is 6aae1 - -547?
6b138
In base 2, what is 1101101101000100101 + -111110?
1101101100111100111
In base 6, what is -5 - 24023224?
-24023233
In base 3, what is 12201120101220 - -1?
12201120101221
In base 8, what is -1 - 1155547405?
-1155547406
In base 3, what is -10 + -20022100001122?
-20022100001202
In base 7, what is -261 + 560653?
560362
In base 7, what is -2 - 252306504?
-252306506
In base 9, what is 7 - -7662342?
7662350
In base 11, what is -2936 - -358a0?
32a65
In base 5, what is 31011414 + 110?
31012024
In base 2, what is -10100010 + -11001000110100111011?
-11001000110111011101
In base 9, what is -45154167 - 51?
-45154228
In base 5, what is -432 + 200223120?
200222133
In base 13, what is 26a + 122866?
122b03
In base 15, what is 5 - -4731c9a?
4731ca0
In base 13, what is c3 + -176373?
-176280
In base 5, what is -11 + 200002342?
200002331
In base 4, what is 0 + 12212010101123?
12212010101123
In base 12, what is -828 + 2b?
-7b9
In base 13, what is 17c031b - -30?
17c034b
In base 4, what is 103311 - 1312003?
-1202032
In base 9, what is -4770 + 3144?
-1625
In base 5, what is -213320 - -3034?
-210231
In base 10, what is 5 - -50571796?
50571801
In base 13, what is 9 - -1ca171?
1ca17a
In base 8, what is 50 - 1146765?
-1146715
In base 11, what is -301 + -23736?
-23a37
In base 3, what is -1222100022022110102 - 12?
-1222100022022110121
In base 11, what is 155a608a + -15?
155a6075
In base 11, what is -3 - 1416190?
-1416193
In base 6, what is 33332305 + -2?
33332303
In base 16, what is 2078eafb + -1?
2078eafa
In base 12, what is -57 - -1332a58?
1332a01
In base 2, what is 101011100 + 1100000011001000?
1100001000100100
In base 7, what is 2135 + 64125?
66263
In base 3, what is -11 - 1010011210000101?
-1010011210000112
In base 14, what is -d3 - -7aaa83?
7aa990
In base 11, what is -8529 + -536a?
-12898
In base 11, what is 4 + 287a9321?
287a9325
In base 3, what is -211001100021011021 - -10?
-211001100021011011
In base 4, what is 11301223120 + -10001?
11301213113
In base 10, what is 1 - 2272826?
-2272825
In base 4, what is -3 + 130033323?
130033320
In base 10, what is -6849 + 1083?
-5766
In base 10, what is 1621984 - 211?
1621773
In base 15, what is b0e3 - 13d?
aea5
In base 10, what is -1278032 - 15?
-1278047
In base 15, what is 4 - -23a9bb84?
23a9bb88
In base 5, what is 23301144 + -120?
23301024
In base 5, what is -101412120 - -30?
-101412040
In base 12, what is -4892a + -961?
-4968b
In base 10, what is -1570458 - -5?
-1570453
In base 12, what is 170 + -51b01?
-51951
In base 7, what is 134323 + 20322?
154645
In base 11, what is 0 - -1335311?
1335311
In base 2, what is 1000010010000 - -11111000?
1000110001000
In base 8, what is 2426323337 + -4?
2426323333
In base 2, what is 100011 + -11010100111011010?
-11010100110110111
In base 14, what is -2417ca7 - 4?
-2417cab
In base 11, what is -4 - 2a588388?
-2a588391
In base 12, what is 22a44 + -4?
22a40
In base 5, what is -100131040 - 41?
-100131131
In base 11, what is 599108 + -8?
599100
In base 5, what is -1314440 - 3304?
-1323244
In base 11, what is -4 - 11847710?
-11847714
In base 16, what is -1eb6f - -1d6?
-1e999
In base 6, what is 3110333 + -3524?
3102405
In base 4, what is -120102333203 - 3?
-120102333212
In base 10, what is 1863 - -114346?
116209
In base 7, what is -10 - -400564244?
400564234
In base 7, what is 65566 - -1141?
100040
In base 14, what is 2 + 9b5442?
9b5444
In base 10, what is -3 + -41952036?
-41952039
In base 16, what is -fb1125 + 9?
-fb111c
In base 9, what is -43 + -247335?
-247378
In base 13, what is 450c04 + -13c?
450a95
In base 9, what is 416 + -104415?
-103888
In base 7, what is 10323 - -14044?
24400
In base 7, what is 220622 + 1451?
222403
In base 10, what is -230165 - 2345?
-232510
In base 3, what is 1 - 202110021210101?
-202110021210100
In base 5, what is 342 + 2130?
3022
In base 8, what is 2331 - -141470?
144021
In base 12, what is 15255 - -51a9?
1a442
In base 4, what is -31132313003 - -10?
-31132312333
In base 4, what is 231 - -3113101323?
3113102220
In base 4, what is -323013233201 - -21?
-323013233120
In base 5, what is -223220333 - -41?
-223220242
In base 13, what is 2a - -3b160?
3b18a
In base 8, what is 66 - 30756401?
-30756313
In base 12, what is 67 - 154ab?
-15444
In base 2, what is 11001001000000 + -1001111111?
10111111000001
In base 10, what 